{"id":296,"date":"2021-01-01T15:13:26","date_gmt":"2021-01-01T15:13:26","guid":{"rendered":"http:\/\/www.pragerspitze-leipzig.de\/?page_id=296"},"modified":"2025-12-10T09:51:07","modified_gmt":"2025-12-10T08:51:07","slug":"schulinformation","status":"publish","type":"page","link":"https:\/\/www.jmoosdorf-schule.de\/?page_id=296","title":{"rendered":"Informationen zum Schulalltag"},"content":{"rendered":"\t\t<div data-elementor-type=\"wp-page\" data-elementor-id=\"296\" class=\"elementor elementor-296\" data-elementor-post-type=\"page\">\n\t\t\t\t\t\t<section class=\"elementor-section elementor-top-section elementor-element elementor-element-4c00fcd3 elementor-section-full_width elementor-section-content-middle elementor-section-height-default elementor-section-height-default\" data-id=\"4c00fcd3\" data-element_type=\"section\" data-settings=\"{&quot;background_background&quot;:&quot;classic&quot;}\">\n\t\t\t\t\t\t\t<div class=\"elementor-background-overlay\"><\/div>\n\t\t\t\t\t\t\t<div class=\"elementor-container elementor-column-gap-default\">\n\t\t\t\t\t<div class=\"elementor-column elementor-col-100 elementor-top-column elementor-element elementor-element-5be2f910\" data-id=\"5be2f910\" data-element_type=\"column\">\n\t\t\t<div class=\"elementor-widget-wrap elementor-element-populated\">\n\t\t\t\t\t\t<div class=\"elementor-element elementor-element-22b32e56 elementor-widget elementor-widget-heading\" data-id=\"22b32e56\" data-element_type=\"widget\" data-widget_type=\"heading.default\">\n\t\t\t\t<div class=\"elementor-widget-container\">\n\t\t\t\t\t<h2 class=\"elementor-heading-title elementor-size-small\">Schulalltag<\/h2>\t\t\t\t<\/div>\n\t\t\t\t<\/div>\n\t\t\t\t\t<\/div>\n\t\t<\/div>\n\t\t\t\t\t<\/div>\n\t\t<\/section>\n\t\t\t\t<section class=\"elementor-section elementor-top-section elementor-element elementor-element-0314d83 elementor-section-full_width elementor-section-height-default elementor-section-height-default\" data-id=\"0314d83\" data-element_type=\"section\" data-settings=\"{&quot;background_background&quot;:&quot;classic&quot;}\">\n\t\t\t\t\t\t\t<div class=\"elementor-background-overlay\"><\/div>\n\t\t\t\t\t\t\t<div class=\"elementor-container elementor-column-gap-default\">\n\t\t\t\t\t<div class=\"elementor-column elementor-col-66 elementor-top-column elementor-element elementor-element-e2963cf\" data-id=\"e2963cf\" data-element_type=\"column\">\n\t\t\t<div class=\"elementor-widget-wrap elementor-element-populated\">\n\t\t\t\t\t\t<div class=\"elementor-element elementor-element-778acae elementor-widget elementor-widget-text-editor\" data-id=\"778acae\" data-element_type=\"widget\" data-widget_type=\"text-editor.default\">\n\t\t\t\t<div class=\"elementor-widget-container\">\n\t\t\t\t\t\t\t\t\t<p><strong>Zur Schule gehen<br><\/strong><br>Das ist nach der Kita-Zeit das gro\u00dfe Ziel f\u00fcr Kinder und Eltern. Alle freuen sich und sind gespannt. Aber auch unser deutsches Bildungssystem gibt diesen Weg so vor. Und so ist das <em>zur-Schule-gehen&nbsp;<\/em>viele Jahre lang wesentlicher Bestandteil der Lebenswelt unserer Kinder und Familien.<br>Daher ist es uns wichtig, die Bedingungen des Schulalltags stets zu reflektieren und zu optimieren, um f\u00fcr die Kinder ein gutes, passendes Lernumfeld zu schaffen.<\/p>\n<p><strong>Unterst\u00fctzung durch Beratung<\/strong><\/p>\n<p>Um Sie und Ihr Kind in besonderen Fragestellungen oder Belastungssituationen zu unterst\u00fctzen, steht Ihnen unser Beratungsteam zur Verf\u00fcgung. Aktuell sind das:<\/p>\n<p><strong>Frau Altner<\/strong> &#8211; Beratungslehrerin<\/p>\n<p><strong>Frau Kahlo<\/strong> &#8211; Inklusion \/ Integration<\/p>\n<p>Brauchen Sie f\u00fcr ein konkretes Anliegen Unterst\u00fctzung, so k\u00f6nnen Sie sich unter folgender Adresse an beide Kolleginnen wenden:<\/p>\n<p><a rel=\"noreferrer\" href=\"mailto:inklusion@jmoosdorf.de\" target=\"_blank\">inklusion@jmoosdorf.de<\/a>&nbsp;<\/p>\n<p>Weiterhin stehen Ihnen die <strong>Klassenleitungen<\/strong> als erste Anlaufstelle bei Problemen zur Verf\u00fcgung.<\/p>\t\t\t\t\t\t\t\t<\/div>\n\t\t\t\t<\/div>\n\t\t\t\t\t<\/div>\n\t\t<\/div>\n\t\t\t\t<div class=\"elementor-column elementor-col-33 elementor-top-column elementor-element elementor-element-1bcde1f\" data-id=\"1bcde1f\" data-element_type=\"column\">\n\t\t\t<div class=\"elementor-widget-wrap elementor-element-populated\">\n\t\t\t\t\t\t<div class=\"elementor-element elementor-element-4bfa31a elementor-widget elementor-widget-image\" data-id=\"4bfa31a\" data-element_type=\"widget\" data-widget_type=\"image.default\">\n\t\t\t\t<div class=\"elementor-widget-container\">\n\t\t\t\t\t\t\t\t\t\t\t\t\t\t\t<img fetchpriority=\"high\" decoding=\"async\" width=\"1024\" height=\"683\" src=\"https:\/\/www.jmoosdorf-schule.de\/wp-content\/uploads\/2023\/04\/girls_jump-1024x683.jpg\" class=\"attachment-large size-large wp-image-2610\" alt=\"\" srcset=\"https:\/\/www.jmoosdorf-schule.de\/wp-content\/uploads\/2023\/04\/girls_jump-1024x683.jpg 1024w, https:\/\/www.jmoosdorf-schule.de\/wp-content\/uploads\/2023\/04\/elementor\/thumbs\/girls_jump-q5oulq5lgk0m3s22okuq2pmzhu9mr5d993i13ijh00.jpg 300w, https:\/\/www.jmoosdorf-schule.de\/wp-content\/uploads\/2023\/04\/girls_jump-768x512.jpg 768w, https:\/\/www.jmoosdorf-schule.de\/wp-content\/uploads\/2023\/04\/girls_jump-1536x1024.jpg 1536w, https:\/\/www.jmoosdorf-schule.de\/wp-content\/uploads\/2023\/04\/girls_jump.jpg 1920w\" sizes=\"(max-width: 1024px) 100vw, 1024px\" \/>\t\t\t\t\t\t\t\t\t\t\t\t\t\t\t<\/div>\n\t\t\t\t<\/div>\n\t\t\t\t<div class=\"elementor-element elementor-element-fa4c43f elementor-widget elementor-widget-text-editor\" data-id=\"fa4c43f\" data-element_type=\"widget\" data-widget_type=\"text-editor.default\">\n\t\t\t\t<div class=\"elementor-widget-container\">\n\t\t\t\t\t\t\t\t\t<p><strong>Willkommen<\/strong><\/p><p>Wir freuen uns, wenn Sie sich gemeinsam mit Ihrem Kind f\u00fcr eine Fortf\u00fchrung der Schullaufbahn an unserer Schule interessieren oder bereits entschieden haben. Dieser Standort besteht seit dem Schuljahr 2020\/21\u00a0 und ist seit Sommer 2022 eine eigenst\u00e4ndige Schule der Stadt Leipzig. <br \/>Mit einem Klick auf den nebenstehenden Button k\u00f6nnen Sie sich in einer Pr\u00e4sentation \u00fcber wesentliche Schul- und Standorttypische Besonderheiten informieren.<\/p>\t\t\t\t\t\t\t\t<\/div>\n\t\t\t\t<\/div>\n\t\t\t\t<div class=\"elementor-element elementor-element-df9bdc7 elementor-align-left elementor-widget elementor-widget-button\" data-id=\"df9bdc7\" data-element_type=\"widget\" data-widget_type=\"button.default\">\n\t\t\t\t<div class=\"elementor-widget-container\">\n\t\t\t\t\t\t\t\t\t<div class=\"elementor-button-wrapper\">\n\t\t\t\t\t<a class=\"elementor-button elementor-button-link elementor-size-sm elementor-animation-grow\" href=\"https:\/\/www.jmoosdorf-schule.de\/wp-content\/uploads\/2025\/02\/Praesentation_JMoosdorf_TdoT_25.pdf\">\n\t\t\t\t\t\t<span class=\"elementor-button-content-wrapper\">\n\t\t\t\t\t\t<span class=\"elementor-button-icon\">\n\t\t\t\t<i aria-hidden=\"true\" class=\"far fa-file-pdf\"><\/i>\t\t\t<\/span>\n\t\t\t\t\t\t\t\t\t<span class=\"elementor-button-text\">Informationen vom Tag der offenen T\u00fcr 2025<\/span>\n\t\t\t\t\t<\/span>\n\t\t\t\t\t<\/a>\n\t\t\t\t<\/div>\n\t\t\t\t\t\t\t\t<\/div>\n\t\t\t\t<\/div>\n\t\t\t\t<div class=\"elementor-element elementor-element-f9bba6d elementor-widget elementor-widget-button\" data-id=\"f9bba6d\" data-element_type=\"widget\" data-widget_type=\"button.default\">\n\t\t\t\t<div class=\"elementor-widget-container\">\n\t\t\t\t\t\t\t\t\t<div class=\"elementor-button-wrapper\">\n\t\t\t\t\t<a class=\"elementor-button elementor-button-link elementor-size-sm elementor-animation-grow\" href=\"https:\/\/www.jmoosdorf-schule.de\/wp-content\/uploads\/2025\/01\/Hausordnung_aktuell_08_24.pdf\">\n\t\t\t\t\t\t<span class=\"elementor-button-content-wrapper\">\n\t\t\t\t\t\t<span class=\"elementor-button-icon\">\n\t\t\t\t<i aria-hidden=\"true\" class=\"far fa-file-pdf\"><\/i>\t\t\t<\/span>\n\t\t\t\t\t\t\t\t\t<span class=\"elementor-button-text\">Hausordnung<\/span>\n\t\t\t\t\t<\/span>\n\t\t\t\t\t<\/a>\n\t\t\t\t<\/div>\n\t\t\t\t\t\t\t\t<\/div>\n\t\t\t\t<\/div>\n\t\t\t\t\t<\/div>\n\t\t<\/div>\n\t\t\t\t\t<\/div>\n\t\t<\/section>\n\t\t\t\t<\/div>\n\t\t","protected":false},"excerpt":{"rendered":"<p>Schulalltag Zur Schule gehenDas ist nach der Kita-Zeit das gro\u00dfe Ziel f\u00fcr Kinder und Eltern. Alle freuen sich und sind gespannt. Aber auch unser deutsches Bildungssystem gibt diesen Weg so vor. Und so ist das zur-Schule-gehen&nbsp;viele Jahre lang wesentlicher Bestandteil der Lebenswelt unserer Kinder und Familien.Daher ist es uns wichtig, die Bedingungen des Schulalltags stets [&hellip;]<\/p>\n","protected":false},"author":1,"featured_media":0,"parent":0,"menu_order":0,"comment_status":"closed","ping_status":"closed","template":"","meta":{"ocean_post_layout":"full-screen","ocean_both_sidebars_style":"","ocean_both_sidebars_content_width":0,"ocean_both_sidebars_sidebars_width":0,"ocean_sidebar":"0","ocean_second_sidebar":"0","ocean_disable_margins":"enable","ocean_add_body_class":"","ocean_shortcode_before_top_bar":"","ocean_shortcode_after_top_bar":"","ocean_shortcode_before_header":"","ocean_shortcode_after_header":"","ocean_has_shortcode":"","ocean_shortcode_after_title":"","ocean_shortcode_before_footer_widgets":"","ocean_shortcode_after_footer_widgets":"","ocean_shortcode_before_footer_bottom":"","ocean_shortcode_after_footer_bottom":"","ocean_display_top_bar":"default","ocean_display_header":"default","ocean_header_style":"","ocean_center_header_left_menu":"0","ocean_custom_header_template":"0","ocean_custom_logo":0,"ocean_custom_retina_logo":0,"ocean_custom_logo_max_width":0,"ocean_custom_logo_tablet_max_width":0,"ocean_custom_logo_mobile_max_width":0,"ocean_custom_logo_max_height":0,"ocean_custom_logo_tablet_max_height":0,"ocean_custom_logo_mobile_max_height":0,"ocean_header_custom_menu":"0","ocean_menu_typo_font_family":"0","ocean_menu_typo_font_subset":"","ocean_menu_typo_font_size":0,"ocean_menu_typo_font_size_tablet":0,"ocean_menu_typo_font_size_mobile":0,"ocean_menu_typo_font_size_unit":"px","ocean_menu_typo_font_weight":"","ocean_menu_typo_font_weight_tablet":"","ocean_menu_typo_font_weight_mobile":"","ocean_menu_typo_transform":"","ocean_menu_typo_transform_tablet":"","ocean_menu_typo_transform_mobile":"","ocean_menu_typo_line_height":0,"ocean_menu_typo_line_height_tablet":0,"ocean_menu_typo_line_height_mobile":0,"ocean_menu_typo_line_height_unit":"","ocean_menu_typo_spacing":0,"ocean_menu_typo_spacing_tablet":0,"ocean_menu_typo_spacing_mobile":0,"ocean_menu_typo_spacing_unit":"","ocean_menu_link_color":"","ocean_menu_link_color_hover":"","ocean_menu_link_color_active":"","ocean_menu_link_background":"","ocean_menu_link_hover_background":"","ocean_menu_link_active_background":"","ocean_menu_social_links_bg":"","ocean_menu_social_hover_links_bg":"","ocean_menu_social_links_color":"","ocean_menu_social_hover_links_color":"","ocean_disable_title":"on","ocean_disable_heading":"default","ocean_post_title":"","ocean_post_subheading":"","ocean_post_title_style":"","ocean_post_title_background_color":"","ocean_post_title_background":0,"ocean_post_title_bg_image_position":"","ocean_post_title_bg_image_attachment":"","ocean_post_title_bg_image_repeat":"","ocean_post_title_bg_image_size":"","ocean_post_title_height":0,"ocean_post_title_bg_overlay":0.5,"ocean_post_title_bg_overlay_color":"","ocean_disable_breadcrumbs":"default","ocean_breadcrumbs_color":"","ocean_breadcrumbs_separator_color":"","ocean_breadcrumbs_links_color":"","ocean_breadcrumbs_links_hover_color":"","ocean_display_footer_widgets":"off","ocean_display_footer_bottom":"default","ocean_custom_footer_template":"0","footnotes":""},"class_list":["post-296","page","type-page","status-publish","hentry","entry"],"_links":{"self":[{"href":"https:\/\/www.jmoosdorf-schule.de\/index.php?rest_route=\/wp\/v2\/pages\/296","targetHints":{"allow":["GET"]}}],"collection":[{"href":"https:\/\/www.jmoosdorf-schule.de\/index.php?rest_route=\/wp\/v2\/pages"}],"about":[{"href":"https:\/\/www.jmoosdorf-schule.de\/index.php?rest_route=\/wp\/v2\/types\/page"}],"author":[{"embeddable":true,"href":"https:\/\/www.jmoosdorf-schule.de\/index.php?rest_route=\/wp\/v2\/users\/1"}],"replies":[{"embeddable":true,"href":"https:\/\/www.jmoosdorf-schule.de\/index.php?rest_route=%2Fwp%2Fv2%2Fcomments&post=296"}],"version-history":[{"count":22,"href":"https:\/\/www.jmoosdorf-schule.de\/index.php?rest_route=\/wp\/v2\/pages\/296\/revisions"}],"predecessor-version":[{"id":6763,"href":"https:\/\/www.jmoosdorf-schule.de\/index.php?rest_route=\/wp\/v2\/pages\/296\/revisions\/6763"}],"wp:attachment":[{"href":"https:\/\/www.jmoosdorf-schule.de\/index.php?rest_route=%2Fwp%2Fv2%2Fmedia&parent=296"}],"curies":[{"name":"wp","href":"https:\/\/api.w.org\/{rel}","templated":true}]}}